3067 - 1733 = -25*s. What is the units digit of s?
2
Let k = -459 + 443. Suppose -3*s = 5*d - 4*d + 11, d = s + 9. What is the units digit of k/(d*(-5)/50)?
0
What is the hundreds digit of 4 + 438 + (4 - -1)?
4
Suppose -3*g = -5*s + 21, 20 + 13 = 5*s + g. What is the units digit of 2/4 - (s - 271/2)?
0
Let k = -4740 - -7302. What is the units digit of k?
2
Let l(d) = 3*d**2 + 4*d - 6. Let u be l(7). Suppose -2*o + 3 = o, 3*s = 5*o + u. What is the units digit of s?
8
Let u(i) be the first derivative of -i**4/4 + 22*i**3/3 - 27*i**2/2 + 16*i - 31. What is the units digit of u(20)?
6
Suppose -47*r = -43*r + 256. Let f = 140 + r. What is the units digit of f?
6
Let v be (3 - 0) + 24/(-8). Let g = v - -3. Suppose -22 = -g*n + 11. What is the units digit of n?
1
Let p be 3*1/(-1) + 20. Let n = p - -22. What is the units digit of n?
9
Suppose 4*h + 26 + 242 = 0. Let v = 142 + h. What is the units digit of v?
5
Let p(n) = n**2 + 5*n - 6. Let r be p(-6). Suppose -y + 4 = -r*y. What is the units digit of y?
4
Let o be ((-6)/(-4))/(3/6). Let s be -20*(18/5)/o. What is the units digit of s/18 + 14/6?
1
Let g(u) = 4*u - 4*u - 4*u - 8 - u. Let t be g(-9). Suppose -c + 3*h = -h - 25, 0 = c - h - t. What is the tens digit of c?
4
Let h(k) = 9*k + 6*k**2 - 19 - 4*k - 5*k**2 + k**2. Let t be h(-8). Let p = 122 - t. What is the units digit of p?
3
Suppose 0 = -2*s + 2*i + 6, -10 = -s - 2*i + 2. Suppose s*k - 17 = 7. What is the units digit of k?
4
Suppose 4*b - 184 = 3*t, 0*b + 152 = -3*t - 4*b. Let d = 263 + t. What is the units digit of d?
7
Let c(z) = 6*z**2 + 10*z - 11. Let l be c(-6). Let y = 209 - l. What is the tens digit of y?
6
Suppose 0*h = 5*h. Let r be -2 - (-10)/(1 - h). Suppose 3*z - r*z + 80 = 0. What is the units digit of z?
6
Suppose n + 15 = 3*l - 13, -3*l - 4*n + 53 = 0. What is the tens digit of l - ((6 - 3) + -3)?
1
Suppose 0 = -3*l + b + 1523, 3*l + 0*l - 1507 = 5*b. What is the hundreds digit of l?
5
Let a(f) = 11*f - 33. Let x = 3 + 4. What is the units digit of a(x)?
4
Let c = 89 + 325. Suppose -3*n = -141 - c. What is the hundreds digit of n?
1
Let k(y) = -7*y + 21. Let t be k(4). What is the units digit of -1 + 1 - t/(-2)*-46?
1
What is the tens digit of 165/(-75) - (-44962)/10?
9
Suppose 285 = 2*z - 283. What is the units digit of z?
4
Let b(u) be the first derivative of u**3 - 2*u**2 - 10*u - 4. What is the tens digit of b(-2)?
1
What is the tens digit of (-3448)/8*(-6)/6?
3
Let z(j) = -j. Let i be z(-1). What is the units digit of ((-1)/i)/((-6)/42)?
7
Let l(b) = b**3 - b**2 + 2. Let v be -3 - ((-42)/3 - -1). Let i = 12 - v. What is the units digit of l(i)?
6
Let r = 349 - 199. Let z = r + -77. What is the tens digit of z?
7
Let o = -186 + 191. What is the units digit of o?
5
Let w = 4554 + -2697. What is the units digit of w?
7
Suppose 5*h + 3*n = -0*n + 1509, 0 = -4*h + 2*n + 1194. What is the units digit of h?
0
Let y(i) = i - 3. Let v be y(9). Let f be (-244)/(-12) - (-4)/v. Suppose u + f = 4*u. What is the units digit of u?
7
Let y(u) = u**2 - 12*u + 4. Let r be y(12). Suppose 3*h - r = 8. Suppose 2*z = 2 + h. What is the units digit of z?
3
Let f(y) = 115*y**2 - 14*y - 51. What is the hundreds digit of f(-3)?
0
Let q = -10 - -18. Suppose 10*l = q*l + 56. What is the tens digit of l?
2
Let m(f) = -114*f - 5. Let o be m(-4). Let l = -292 + o. What is the tens digit of l?
5
Suppose 4*p + 391 = 1347. What is the units digit of p?
9
Let i = 307 + -151. Suppose -3*p - i = -7*p. What is the tens digit of p?
3
What is the hundreds digit of (-410)/4*(7 - 203/5)?
4
Let d be -3*-2*4/8*1. Suppose -d*w - 3 = -2*z - 0*w, -5*w = -25. What is the units digit of z?
9
What is the units digit of 513 + 6/(-18)*-15 + 0?
8
Let l be (-256)/(-36) + -7 - (-34)/18. Suppose -3*t + 739 = 4*c, t - 740 = -l*t - 5*c. What is the tens digit of t?
4
Let d be (7/(-14))/(1/(-10)). Let o = -18 + d. Let y = o + 34. What is the tens digit of y?
2
What is the hundreds digit of (-270)/270 - (-2424 - 0)?
4
Let f = -204 + 1650. What is the hundreds digit of f?
4
Let s(l) be the first derivative of 2*l**3/3 - 5*l**2 - 12*l + 9. What is the units digit of s(-5)?
8
Suppose -5*i = 2*a - 655, 3*i = 6*a - 7*a + 325. What is the tens digit of a?
4
Let r(p) = -3*p - 5. Let k be r(5). Let h = -17 - k. What is the tens digit of (1*h)/((-14)/(-182))?
3
Suppose -4*x + 6*f - 8 = 2*f, 4*x + 3*f + 1 = 0. Let n be x*(-10 - (2 + 1)). Let g = n - -5. What is the tens digit of g?
1
Let s = 690 - -745. What is the tens digit of s?
3
Let q(u) = -u**3 + 8*u**2 + 2*u - 14. What is the tens digit of q(4)?
5
Let u(q) = q**2 - 3*q + 91. What is the hundreds digit of u(21)?
4
Suppose -2*f - 5 = -65. What is the tens digit of f?
3
Let w = 21 - -12. Suppose -6 = f - w. What is the units digit of f?
7
Let k = -717 + 1128. What is the units digit of k?
1
Let i(k) = -k**3 - 7*k**2 - 36*k - 1. What is the hundreds digit of i(-9)?
4
Let f(x) be the first derivative of -x**4/4 + 2*x**3 - x**2/2 + 9*x - 17. What is the units digit of f(6)?
3
Suppose 104 - 374 = -5*k. What is the units digit of k?
4
Suppose 0*z - 13 = 4*z - 5*h, 0 = 4*z - 3*h + 3. Suppose 4*o = u + 2 + 8, 14 = u + 4*o. Suppose 7 = u*t + z. What is the units digit of t?
2
Let f be (2*(-3)/(-18))/((-6)/(-21150)). Suppose 14*z + f = 19*z. What is the tens digit of z?
3
What is the units digit of (-24)/4*(-5 - 35)?
0
What is the units digit of (-3)/((-105)/10) + (-8970)/(-14)?
1
Let v be (-3)/(-6) + 5/10. Let z(m) = v + 5*m + 0 + 1. What is the tens digit of z(4)?
2
Let l be (-8)/(-20) - (-6452)/20. Let c = l + -155. Suppose 6*v - 2*v = c. What is the tens digit of v?
4
Let g(o) = 5*o**2 - 3*o - 9. Suppose -z = -2*b - 2*b - 7, 0 = -4*b - 2*z - 22. What is the units digit of g(b)?
5
Suppose -8 = -4*u, -a + 3*u = -2*u + 9. Suppose -4*w = 2*x - 168, -5*x - a = -21. What is the tens digit of w?
4
Suppose 0 = 15*t - 10*t + 170. Let a = -16 - t. What is the units digit of a?
8
Let g(k) = 2*k**2 + 2*k - 1. Let q(w) = w**2 - 13. Let i be q(4). What is the units digit of g(i)?
3
Let h = -96 - -101. Suppose -2*f - 2*t = -7*f + 723, -430 = -3*f + h*t. What is the units digit of f?
5
Suppose -6 = -3*x - 3*l, -6*x = -2*x - l + 12. Let t be (12 + x)*(-19)/(-2). Suppose 0 = -5*k + 85 + t. What is the tens digit of k?
3
Let n be (-2)/(2/5)*-2. Suppose 3*b = n + 2. Suppose 0 = b*s + y - 80, -2*s + y + 11 = -29. What is the tens digit of s?
2
Suppose 4*y + 71181 = 37*y. What is the tens digit of y?
5
Suppose 2*g = 5*g - 6. Suppose -w = -3*q + 6*q - 2, 0 = -5*q - w + g. What is the units digit of 1 + 4 + -3 - q?
2
Let o = -71 - -134. Let v = -46 + o. What is the units digit of v?
7
Suppose 11*h - 9*h = -5*d + 64, -h = 3*d - 33. Suppose i - 4 = -2*o, o = 2*i + 4*o - 6. Suppose -h = -3*s - i*s. What is the units digit of s?
9
What is the units digit of 20/30 + (-53574)/(-18)?
7
Suppose -2*i = -4*i - 6. Let d be (-10)/i*15/10. What is the tens digit of (96/15)/(2/d)?
1
Let k(y) = -66*y + 174. What is the hundreds digit of k(-13)?
0
Suppose 2*z - 3 = -z. Let r = z + 23. Suppose r = 2*d - 3*a, -4*d - 3*a = -7*a - 44. What is the units digit of d?
9
Let i = 1869 + -1465. What is the units digit of i?
4
Suppose 0 = -4*f + u + 16, -u - 22 + 3 = -5*f. Suppose -6 = b - f. What is the units digit of 123/9 - b/9?
4
What is the tens digit of (-11)/121*-6 + (-16246)/(-22)?
3
Let y(t) = t**2 + t - 1. Let u(x) = -3*x**2 + 6*x + 5. Let c(b) = -u(b) - 4*y(b). Let r be c(-14). What is the units digit of r*((-15)/(-9) + -2)?
9
Suppose q + a - 86 = 0, 92 = q - 3*a - 2*a. Suppose -54*s = -57*s + q. What is the tens digit of s?
2
Let o be (0 - 1)*(-20)/4. Suppose -4 + o = -y. What is the units digit of 12*(-3)/(6/y)?
6
Let g be (-11)/(-5) - (2 + (-9)/5). Suppose -53 = -p + 4*a, g*p = 3*a + 23 + 58. What is the units digit of p?
3
Let n = 8 + -15. Let i be (n - -25)*2/(-3). What is the units digit of (1 - (2 - i))/(-1)?
3
Suppose b + 7 - 11 = 0. What is the units digit of 82 + (-12)/4 + b + 1?
4
Let r = 4 + 20. Suppose r = 4*x + 4. Suppose -5*s = -x*y + 290, -4*y = s + s - 232. What is the units digit of y?
8
Suppose w - 30 = -2*w. Suppose -2*i + w = -y, -2*y + 15 = 3*y + 3*i. Suppose y*r = -r + 38. What is the tens digit of r?
3
Suppose 67 = 3*g + r - 2*r, -3*g = 3*r - 87. Let